{"id":22,"date":"2013-08-21T15:40:16","date_gmt":"2013-08-21T13:40:16","guid":{"rendered":"http:\/\/www.dikon.biz\/wordpress\/?page_id=22"},"modified":"2016-06-29T10:23:15","modified_gmt":"2016-06-29T08:23:15","slug":"impressum","status":"publish","type":"page","link":"https:\/\/www.dikon.biz\/index.php\/impressum\/","title":{"rendered":"Impressum"},"content":{"rendered":"<p>Die nachstehenden Informationen enthalten die gesetzlich vorgesehene Anbieterkennzeichnung (\u00a76 TDG) sowie weitere rechtliche Hinweise.<\/p>\n<p>Verantwortlich f\u00fcr den Inhalt dieser Seite ist<\/p>\n<p>DIKON GmbH &amp; Co KG<\/p>\n<p>Am Rosenh\u00fcgel 28<br \/>\n52072 Aachen<\/p>\n<p>Telefon: 0241. 168 178 3<br \/>\nTelefax: 0241. 168 178 5<br \/>\nE-Mail: info[at]DIKON.biz<\/p>\n<p>www.DIKON.biz<\/p>\n<p>DIKON GmbH &amp; Co KG<\/p>\n<p>Handelsregister Aachen HRA 6771<br \/>\nPers\u00f6nlich haftende Gesellschafterin: DIKON Verwaltungs GmbH<br \/>\nHandelsregister Aachen HRB 14027<br \/>\nGesch\u00e4ftsf\u00fchrung: Reiner Wagner<\/p>\n<p>USt-IdNr. DE 249553211<\/p>\n<p>Steuernummer: 201 \/ 5809 \/ 3116<\/p>\n<p>Rechtlicher Hinweis:<\/p>\n<p>Die auf unseren Webseiten zur Verf\u00fcgung gestellten Informationen werden unter Beachtung gr\u00f6\u00dfter Sorgfalt laufend aktualisiert und erg\u00e4nzt. Dennoch kann keine Garantie f\u00fcr die Richtigkeit und Vollst\u00e4ndigkeit der angegebenen Daten \u00fcbernommen werden, da eine zwischenzeitlich eingetretene \u00c4nderung nicht g\u00e4nzlich auszuschlie\u00dfen ist. Dies gilt ebenso f\u00fcr s\u00e4mtliche Webseiten Dritter, auf die durch einen Hyperlink verwiesen wird. F\u00fcr dort enthaltene Informationen (fremde Inhalte) zu denen mittels Hyperlink lediglich der Zugang zur Nutzung vermittelt wird, ist DIKON nicht verantwortlich.<br \/>\n(\u00a7 5 Abs. 3 TDG). DIKON schlie\u00dft dementsprechend jegliche Haftung im oben genannten Zusammenhang aus.<\/p>\n","protected":false},"excerpt":{"rendered":"<p> [&hellip;]<\/p>\n","protected":false},"author":1,"featured_media":0,"parent":0,"menu_order":0,"comment_status":"closed","ping_status":"closed","template":"","meta":{"footnotes":""},"class_list":["post-22","page","type-page","status-publish","hentry"],"_links":{"self":[{"href":"https:\/\/www.dikon.biz\/index.php\/wp-json\/wp\/v2\/pages\/22","targetHints":{"allow":["GET"]}}],"collection":[{"href":"https:\/\/www.dikon.biz\/index.php\/wp-json\/wp\/v2\/pages"}],"about":[{"href":"https:\/\/www.dikon.biz\/index.php\/wp-json\/wp\/v2\/types\/page"}],"author":[{"embeddable":true,"href":"https:\/\/www.dikon.biz\/index.php\/wp-json\/wp\/v2\/users\/1"}],"replies":[{"embeddable":true,"href":"https:\/\/www.dikon.biz\/index.php\/wp-json\/wp\/v2\/comments?post=22"}],"version-history":[{"count":2,"href":"https:\/\/www.dikon.biz\/index.php\/wp-json\/wp\/v2\/pages\/22\/revisions"}],"predecessor-version":[{"id":348,"href":"https:\/\/www.dikon.biz\/index.php\/wp-json\/wp\/v2\/pages\/22\/revisions\/348"}],"wp:attachment":[{"href":"https:\/\/www.dikon.biz\/index.php\/wp-json\/wp\/v2\/media?parent=22"}],"curies":[{"name":"wp","href":"https:\/\/api.w.org\/{rel}","templated":true}]}}